?
8
Suppose 0*k + 272 = 4*k. Let j(f) = 2*f + 3. Let i be j(0). Suppose q + 20 = 2*g - i*q, -g = -q - 14. Calculate the remainder when k is divided by g.
14
Let c = 44 + -16. Let x = -18 + c. Let n = 36 + -17. What is the remainder when n is divided by x?
9
Let u = 10 - 6. Let t = u + 99. Let s = -27 + t. What is the remainder when s is divided by 26?
24
Suppose -3*g = -3*r + 6, 4*g + 4 = 24. Calculate the remainder when r is divided by 7.
0
Let p(u) = u**2 + 2*u + 4. Let o be p(-6). Suppose -2*j - 9 = -x, -2*x + j + o = 2*j. Calculate the remainder when 38 is divided by x.
12
Let b(n) = -6*n**2 + 4*n - 42. Let y be b(5). Calculate the remainder when 59 is divided by 1*((-2)/(-5) - y/20).
5
Suppose 0 = 4*y - 4*n - 84, 3*y - 15 = 5*n + 50. Calculate the remainder when 313 is divided by y.
13
Let a(c) = -c + 6. Let y be a(5). Let o be y/((-5)/45)*-1. Suppose -o = 3*u - 63. Calculate the remainder when 69 is divided by u.
15
Let n = 155 + -3. Suppose a = -a + n. Calculate the remainder when a is divided by 16.
12
Suppose 12*q = 9*q + 459. Calculate the remainder when q is divided by 45.
18
Suppose -290 = 238*a - 248*a. Let s be -6 + 3 + 2 + -4. Let p(n) = -n**3 - 5*n**2 - 2*n. What is the remainder when a is divided by p(s)?
9
Let y(l) = 3*l**3 + 7*l**2 + 13*l - 62. Let f(n) = -2*n**3 - 3*n**2 - 6*n + 31. Let q(t) = 5*f(t) + 3*y(t). Calculate the remainder when 45 is divided by q(6).
22
Let f(y) = -2*y**3 - 5*y**2 + 4*y + 1. Let m be f(-4). Let k be (-6)/m + (-5136)/66. What is the remainder when k/(-5 - (-6)/2) is divided by 14?
11
Suppose 77*k = 2276 + 496. Calculate the remainder when 539 is divided by k.
35
Let q = -63 - -119. Let a = -17 - -2. What is the remainder when q is divided by (-219)/a + 10/25?
11
What is the remainder when 21 is divided by (0/1 - -10) + (-2)/(-2)?
10
Let m = 0 + 7. Let l = -112 - -116. Calculate the remainder when m is divided by l.
3
Suppose -4*g + 1155 = g. Let r be ((-30)/(-7))/(3/g). Calculate the remainder when 29 is divided by r/21 + (-2)/(-7).
13
What is the remainder when 93 is divided by -1 + 5 + 31 + -16?
17
Let v = 130 - 124. Suppose -12*y + 210 = -v*y. What is the remainder when 312 is divided by y?
32
Suppose -v - 4*v = -3*q + 85, -8 = 4*v. Let l = 42 - 0. Suppose 15*p - 12*p - l = 0. What is the remainder when q is divided by p?
11
Suppose -182 = 792*v - 806*v. Calculate the remainder when 35 is divided by v.
9
Suppose -4*x = -2*x. Suppose -3*h + 18 = 3*i, x*i = -i - 5*h - 10. Calculate the remainder when 117 is divided by i.
7
Suppose j - 120 = -j + 4*v, -5*j - 5*v + 300 = 0. What is the remainder when j is divided by 12/24 + 82/4?
18
Let t(d) = -d**3 + 5*d**2 + 7*d - 5. Let f be t(6). Let m = 3 + f. Suppose m*o - 2*o - 4 = 0. Calculate the remainder when o is divided by 1.
0
Let d(n) = -2*n**2 - 38*n - 14. Let j be d(-17). Let x = j - 43. What is the remainder when 24 is divided by x?
2
What is the remainder when (5196/32 - 2) + (-12)/32 is divided by 6?
4
Calculate the remainder when ((-5)/(-3))/((-2)/(-178))*3 is divided by 14.
11
Suppose -4*k = 2*s - 104, -5*s = -5*k - 154 - 121. Let j = s - 27. Calculate the remainder when j*(3 + (-3 - -1)) is divided by 14.
13
Suppose 3*p + j = 5*j + 67, -4 = -2*j. Calculate the remainder when 238 is divided by p.
13
Suppose 3397*g = 3398*g - 24. Suppose -4 = -0*y - 4*y. Suppose 3*b + 48 = 5*k, -3*b + y = 4. What is the remainder when g is divided by k?
6
Calculate the remainder when ((-294)/18)/((-15)/450) is divided by 19.
15
Suppose -18*d + 1120 = 4. Let p = d - 58. What is the remainder when 19 is divided by p?
3
Suppose 2*w = s - 25, w - 21 = -4*s + 34. Let q = 46 + -105. Calculate the remainder when (q + 1)*(-7)/14 is divided by s.
14
Let b(s) = 5*s**2 + 16*s + 15. What is the remainder when 153 is divided by b(-1)?
1
Suppose 0 = 3*j - 2*j - 25. Calculate the remainder when (3 - (-15)/(-6))*388/2 is divided by j.
22
Let x(o) = -o**3 - 22*o**2 - 22*o - 23. Let t be x(-21). Calculate the remainder when t*(-11 + 2)*5 is divided by 23.
21
Suppose 0 = 2*s - 7*s + 60. Suppose 3*q = 2*q + s. Suppose 0 = 4*b - 7*b + 66. Calculate the remainder when b is divided by q.
10
Let y = 637 + -488. Calculate the remainder when y is divided by 51.
47
Let r(j) = -4*j - 23. Let s = 55 - 68. What is the remainder when 85 is divided by r(s)?
27
Suppose 5*v - 70 = -5*x, 5*v - 6*v = -x + 22. What is the remainder when 125 is divided by x?
17
Suppose -4*b + 16 = -z, 19 = 3*b - 5*z + 7. What is the remainder when 11 is divided by b?
3
Suppose -4*c - 4 = -4*i, -7*i + 6*i - 3 = -5*c. Suppose 3*q + 74 = b, b + 250 = 4*b - i*q. What is the remainder when b is divided by (-572)/(-20) + 2/5?
28
Let b be -6*15/6*-17. Suppose -h + b = 4*h. Suppose -o + 88 = 5*l, -3*o + 15 = 2*l - 15. What is the remainder when h is divided by l?
15
Let n(k) = -17*k - 2. What is the remainder when n(-3) is divided by 2/(-8 - (-552)/68)?
15
Suppose 5*y - 4 - 27 = -k, 2 = 2*k. Let g = -14 + 16. What is the remainder when y is divided by g?
0
Suppose 54 = 17*g - 11*g. Let h = -7 - -21. Calculate the remainder when h is divided by g.
5
Let o be 1416/28 + (-3)/(-7). Suppose -3*g + 2*d + o = 0, 3*g - 6*d - 60 = -d. Calculate the remainder when 40 is divided by g.
10
Suppose 43 - 147 = -13*m. Let n(t) = 6*t - 13. Calculate the remainder when n(7) is divided by m.
5
Suppose -40*i = -636 - 924. Calculate the remainder when i is divided by 14.
11
Suppose 0 = -l - m + 4, 0 = l - 0*l - m. Suppose -l*p = p - 195. What is the remainder when p is divided by (-5)/4 - 2263/(-124)?
14
Let z(w) = -17*w - 3. Let p(g) = g + 5. Let s be p(-7). Calculate the remainder when z(s) is divided by 11.
9
Let g be 36/45 + (-12)/(-10). Suppose d = 5*y - 248, -4*d = -g*y + d + 90. Calculate the remainder when y is divided by (5 + -3)/(4/26).
11
Let k(d) = -d**3 - 5*d**2 + 3*d + 5. Let l be k(-6). Suppose 4*q - 7 = -l. What is the remainder when 6/(-9)*114/q is divided by 10?
9
Suppose 0 = -2*r + 2*x + 44, 41 = 3*r + 4*x - 4. What is the remainder when 68 is divided by r?
11
Let m be -2*4/12 + 634/(-3). Let o = -120 - m. Calculate the remainder when o is divided by 19.
16
Let s = -1080 - -1313. Calculate the remainder when s is divided by 13.
12
Let v(i) = i**3 + 3*i**2 - 9*i + 30. Calculate the remainder when 416 is divided by v(0).
26
Let z(b) = -10*b**3 - 3*b**2 - 7*b - 5. Let p be z(-2). Let j = p + 54. What is the remainder when j is divided by 12?
11
Let p = 271 - 386. Let u = -60 - p. Let c(n) = -n**3 + 19. Calculate the remainder when u is divided by c(0).
17
Suppose -k = 3, -4*j + 47 = -18*k + 13*k. What is the remainder when 33 is divided by j?
1
Let w be (-1)/(-4) + 30/8. Let f(g) = -9*g + 30. Let k be f(2). Suppose w*r - 24 = k. What is the remainder when 17 is divided by r?
8
Suppose 198*l + 130 = 203*l. What is the remainder when 49 is divided by l?
23
Suppose 0 = 3*k - 9, 9 = 4*o - 5*k - 88. What is the remainder when o is divided by 20?
8
Let j = -326 - -347. Let d(n) be the second derivative of -n**5/20 - n**4/4 - n**3/6 + 3*n**2 + n. What is the remainder when d(-5) is divided by j?
19
Calculate the remainder when 5 + -3 + 40 + -3 + 0 is divided by 17.
5
Let z = 93 - 82. What is the remainder when 185 is divided by z?
9
Suppose -d = 2*q + 4*d - 19, -5*q - 2*d = -16. Suppose -q*u = u - 231. Suppose -c = -0 - 39. What is the remainder when u is divided by c?
38
Suppose -z + 6 + 16 = 5*p, 0 = -3*z + 3*p - 6. Suppose 4*q = -z*h + 4, -2*q - q = h - 2. Suppose -o + 21 + 2 = q. What is the remainder when 66 is divided by o?
20
What is the remainder when 177 is divided by 6*9/(9/5)?
27
Let k = -319 + 321. Let n(y) = -y + 17. What is the remainder when n(8) is divided by k?
1
Suppose 10 = -5*f, -r - f + 374 = 2*f. Calculate the remainder when r is divided by 125.
5
Let m = -745 + 760. What is the remainder when 341 is divided by m?
11
Let h(n) = n**3 - 14*n**2 + 2*n - 20. Suppose -197 = -12*t - 29. Calculate the remainder when h(t) is divided by 6.
2
Let t be 12/(-4) + 0 - -8. Suppose s = -t*i + 1, -3*i + 3*s = -8*i + 3. Suppose i = h - 3 + 2. Calculate the remainder when 1 is divided by h.
0
Suppose -1 + 2 = -r, -5*r - 9 = -2*x. Suppose -4*q = -x*q. Suppose -4*p + 101 + 31 = q. Calculate the remainder when 96 is divided by p